{"id":24338,"date":"2024-09-03T15:55:05","date_gmt":"2024-09-03T13:55:05","guid":{"rendered":"https:\/\/serabella.ee\/?post_type=product&#038;p=24338"},"modified":"2025-12-31T00:00:10","modified_gmt":"2025-12-30T22:00:10","slug":"mulac-cosmetics-air-gelly-styling-gel-150ml","status":"publish","type":"product","link":"https:\/\/serabella.ee\/en\/product\/mulac-cosmetics-air-gelly-styling-gel-150ml\/","title":{"rendered":"Mulac Cosmetics AIR GELLY Styling Gel 150ml"},"content":{"rendered":"<div class=\"wpb-content-wrapper\"><p>[vc_row][vc_column]\n\t\t<div id=\"wd-66d7108eb13ae\" class=\"wd-tabs wd-wpb wd-rs-66d7108eb13ae tabs-design-simple \">\n\t\t\t<div class=\"wd-tabs-header text-center\">\n\t\t\t\t\n\t\t\t\t\n\t\t\t\t<div class=\"wd-nav-wrapper wd-nav-tabs-wrapper\">\n\t\t\t\t\t<ul class=\"wd-nav wd-nav-tabs wd-icon-pos-left wd-style-default font-primary wd-fontsize-s wd-font-weight-600\">\n\t\t\t\t\t\t\t\t\t\t\t\t\t\n\t\t\t\t\t\t\t<li>\n\t\t\t\t\t\t\t\t<a href=\"#\" class=\"wd-nav-link\">\n\t\t\t\t\t\t\t\t\t\t\t\t\t\t\t\t\t\t<span class=\"nav-link-text wd-tabs-title\">\n\t\t\t\t\t\t\t\t\t\tDescription\t\t\t\t\t\t\t\t\t<\/span>\n\t\t\t\t\t\t\t\t<\/a>\n\t\t\t\t\t\t\t<\/li>\n\n\t\t\t\t\t\t\t\t\t\t\t\t\t\n\t\t\t\t\t\t\t<li>\n\t\t\t\t\t\t\t\t<a href=\"#\" class=\"wd-nav-link\">\n\t\t\t\t\t\t\t\t\t\t\t\t\t\t\t\t\t\t<span class=\"nav-link-text wd-tabs-title\">\n\t\t\t\t\t\t\t\t\t\tIngredients\t\t\t\t\t\t\t\t\t<\/span>\n\t\t\t\t\t\t\t\t<\/a>\n\t\t\t\t\t\t\t<\/li>\n\n\t\t\t\t\t\t\n\t\t\t\t\t<\/ul>\n\t\t\t\t<\/div>\n\t\t\t<\/div>\n\n\t\t\t<div class=\"wd-tab-content-wrapper\">\n\t\t\t\t\n\t\t<div class=\"wd-tab-content\">\n\t\t\t\t\t\t\t <b>AIRY GELLY styling gel<\/b> is suitable for all hair types, for perfect styling with a natural finish: defines, keeps the frizz away and protects the styling from humidity, gives volume without stiffening or weighing down the hair. VEGAN FORMULA. Perfect for defining even the most restless waves of\u00a0<b>curly and wavy hair,<\/b>\u00a0shaping short hair and making\u00a0<b>styling easier<\/b>. With freestyle fixate and\u00a0<b>Abyssinian oil<\/b>, it preserves hair flexibility does not stick, does not leave any residue and gives medium-light hold.<\/p>\n<h5><strong>Active substances<\/strong><\/h5>\n<p>Abyssinian oil &#8211; maintains hair elasticity, is non-sticky and provides medium-light hold.<\/p>\n<h5><strong>How to use<\/strong><\/h5>\n<p>Lokkis juuksed: kandke geel m\u00e4rgadele juustele juurtest otsteni, jaotades \u00fchtlaselt. Seej\u00e4rel vormige k\u00e4tega surudes juuksed lokki. Kuivatage difuusoriga v\u00f5i \u00f5hu k\u00e4es. L\u00fchikesed juuksed: kandke geeli m\u00e4rgadele juustele, kui soovite juukseid kujundada enne nende kuivatamist v\u00f5i kuivadele juustele soengu kujundamiseks.<\/p>\n<p>\t\t\t\t\t<\/div>\n\n\t\t\n\t\t<div class=\"wd-tab-content\">\n\t\t\t\t\t\t\tINGREDIENTS: WATER (AQUA), ALCOHOL DENAT., PROPANEDIOL, ACRYLATES CROSSPOLYMER-3, AMINOMETHYL PROPANOL, ERYTHRITOL, CARYOCAR BRASILIENSE FRUIT OIL, CRAMBE ABYSSINICA SEED OIL, PANTHENOL, ACRYLATES\/C10-30 ALKYL ACRYLATE CROSSPOLYMER, FRAGRANCE (PARFUM), PHENOXYETHANOL, SODIUM GLUCONATE, TROPOLONE.\t\t\t\t\t<\/div>\n\n\t\t\t\t\t<\/div>\n\t\t<\/div>\n\n\t\t[\/vc_column][\/vc_row]<\/p>\n<\/div>","protected":false},"excerpt":{"rendered":"<p>A volumizing finishing gel that shapes defined curls, protects the style from humidity and adds volume without weighing down the hair. Ideal for long, short and even curly hair.<\/p>\n","protected":false},"featured_media":7764,"comment_status":"open","ping_status":"closed","template":"","meta":{"inline_featured_image":false},"product_brand":[],"product_cat":[536,540],"product_tag":[726],"class_list":{"0":"post-24338","1":"product","2":"type-product","3":"status-publish","4":"has-post-thumbnail","6":"product_cat-hair","7":"product_cat-styling-and-care","8":"product_tag-alla-15e","9":"pa_brands-mulac-en","10":"pa_juuksetuup-all-hairtypes","11":"pa_paritoluriik-italy","13":"first","14":"instock","15":"taxable","16":"shipping-taxable","17":"purchasable","18":"product-type-simple"},"yoast_head":"<!-- This site is optimized with the Yoast SEO plugin v25.1 - https:\/\/yoast.com\/wordpress\/plugins\/seo\/ -->\n<title>Mulac Cosmetics AIR GELLY Styling Gel 150ml - Serabella<\/title>\n<meta name=\"robots\" content=\"index, follow, max-snippet:-1, max-image-preview:large, max-video-preview:-1\" \/>\n<link rel=\"canonical\" href=\"https:\/\/serabella.ee\/en\/product\/mulac-cosmetics-air-gelly-styling-gel-150ml\/\" \/>\n<meta property=\"og:locale\" content=\"en_US\" \/>\n<meta property=\"og:type\" content=\"article\" \/>\n<meta property=\"og:title\" content=\"Mulac Cosmetics AIR GELLY Styling Gel 150ml - Serabella\" \/>\n<meta property=\"og:description\" content=\"A volumizing finishing gel that shapes defined curls, protects the style from humidity and adds volume without weighing down the hair. Ideal for long, short and even curly hair.\" \/>\n<meta property=\"og:url\" content=\"https:\/\/serabella.ee\/en\/product\/mulac-cosmetics-air-gelly-styling-gel-150ml\/\" \/>\n<meta property=\"og:site_name\" content=\"Serabella\" \/>\n<meta property=\"article:modified_time\" content=\"2025-12-30T22:00:10+00:00\" \/>\n<meta property=\"og:image\" content=\"https:\/\/serabella.ee\/wp-content\/uploads\/2024\/09\/Mulac-Cosmetics-AIR-GELLY-Styling-Gel-150ml.png\" \/>\n\t<meta property=\"og:image:width\" content=\"1080\" \/>\n\t<meta property=\"og:image:height\" content=\"1080\" \/>\n\t<meta property=\"og:image:type\" content=\"image\/png\" \/>\n<meta name=\"twitter:card\" content=\"summary_large_image\" \/>\n<script type=\"application\/ld+json\" class=\"yoast-schema-graph\">{\"@context\":\"https:\/\/schema.org\",\"@graph\":[{\"@type\":\"WebPage\",\"@id\":\"https:\/\/serabella.ee\/en\/product\/mulac-cosmetics-air-gelly-styling-gel-150ml\/\",\"url\":\"https:\/\/serabella.ee\/en\/product\/mulac-cosmetics-air-gelly-styling-gel-150ml\/\",\"name\":\"Mulac Cosmetics AIR GELLY Styling Gel 150ml - Serabella\",\"isPartOf\":{\"@id\":\"https:\/\/serabella.ee\/#website\"},\"primaryImageOfPage\":{\"@id\":\"https:\/\/serabella.ee\/en\/product\/mulac-cosmetics-air-gelly-styling-gel-150ml\/#primaryimage\"},\"image\":{\"@id\":\"https:\/\/serabella.ee\/en\/product\/mulac-cosmetics-air-gelly-styling-gel-150ml\/#primaryimage\"},\"thumbnailUrl\":\"https:\/\/serabella.ee\/wp-content\/uploads\/2024\/09\/Mulac-Cosmetics-AIR-GELLY-Styling-Gel-150ml.png\",\"datePublished\":\"2024-09-03T13:55:05+00:00\",\"dateModified\":\"2025-12-30T22:00:10+00:00\",\"breadcrumb\":{\"@id\":\"https:\/\/serabella.ee\/en\/product\/mulac-cosmetics-air-gelly-styling-gel-150ml\/#breadcrumb\"},\"inLanguage\":\"en-US\",\"potentialAction\":[{\"@type\":\"ReadAction\",\"target\":[\"https:\/\/serabella.ee\/en\/product\/mulac-cosmetics-air-gelly-styling-gel-150ml\/\"]}]},{\"@type\":\"ImageObject\",\"inLanguage\":\"en-US\",\"@id\":\"https:\/\/serabella.ee\/en\/product\/mulac-cosmetics-air-gelly-styling-gel-150ml\/#primaryimage\",\"url\":\"https:\/\/serabella.ee\/wp-content\/uploads\/2024\/09\/Mulac-Cosmetics-AIR-GELLY-Styling-Gel-150ml.png\",\"contentUrl\":\"https:\/\/serabella.ee\/wp-content\/uploads\/2024\/09\/Mulac-Cosmetics-AIR-GELLY-Styling-Gel-150ml.png\",\"width\":1080,\"height\":1080},{\"@type\":\"BreadcrumbList\",\"@id\":\"https:\/\/serabella.ee\/en\/product\/mulac-cosmetics-air-gelly-styling-gel-150ml\/#breadcrumb\",\"itemListElement\":[{\"@type\":\"ListItem\",\"position\":1,\"name\":\"Home\",\"item\":\"https:\/\/serabella.ee\/\"},{\"@type\":\"ListItem\",\"position\":2,\"name\":\"Shop\",\"item\":\"https:\/\/serabella.ee\/poevaade\/\"},{\"@type\":\"ListItem\",\"position\":3,\"name\":\"Mulac Cosmetics AIR GELLY Styling Gel 150ml\"}]},{\"@type\":\"WebSite\",\"@id\":\"https:\/\/serabella.ee\/#website\",\"url\":\"https:\/\/serabella.ee\/\",\"name\":\"Serabella\",\"description\":\"Ilu- ja kosmeetikatoodete e-pood\ud83d\udc9c\",\"potentialAction\":[{\"@type\":\"SearchAction\",\"target\":{\"@type\":\"EntryPoint\",\"urlTemplate\":\"https:\/\/serabella.ee\/?s={search_term_string}\"},\"query-input\":{\"@type\":\"PropertyValueSpecification\",\"valueRequired\":true,\"valueName\":\"search_term_string\"}}],\"inLanguage\":\"en-US\"}]}<\/script>\n<!-- \/ Yoast SEO plugin. -->","yoast_head_json":{"title":"Mulac Cosmetics AIR GELLY Styling Gel 150ml - Serabella","robots":{"index":"index","follow":"follow","max-snippet":"max-snippet:-1","max-image-preview":"max-image-preview:large","max-video-preview":"max-video-preview:-1"},"canonical":"https:\/\/serabella.ee\/en\/product\/mulac-cosmetics-air-gelly-styling-gel-150ml\/","og_locale":"en_US","og_type":"article","og_title":"Mulac Cosmetics AIR GELLY Styling Gel 150ml - Serabella","og_description":"A volumizing finishing gel that shapes defined curls, protects the style from humidity and adds volume without weighing down the hair. Ideal for long, short and even curly hair.","og_url":"https:\/\/serabella.ee\/en\/product\/mulac-cosmetics-air-gelly-styling-gel-150ml\/","og_site_name":"Serabella","article_modified_time":"2025-12-30T22:00:10+00:00","og_image":[{"width":1080,"height":1080,"url":"https:\/\/serabella.ee\/wp-content\/uploads\/2024\/09\/Mulac-Cosmetics-AIR-GELLY-Styling-Gel-150ml.png","type":"image\/png"}],"twitter_card":"summary_large_image","schema":{"@context":"https:\/\/schema.org","@graph":[{"@type":"WebPage","@id":"https:\/\/serabella.ee\/en\/product\/mulac-cosmetics-air-gelly-styling-gel-150ml\/","url":"https:\/\/serabella.ee\/en\/product\/mulac-cosmetics-air-gelly-styling-gel-150ml\/","name":"Mulac Cosmetics AIR GELLY Styling Gel 150ml - Serabella","isPartOf":{"@id":"https:\/\/serabella.ee\/#website"},"primaryImageOfPage":{"@id":"https:\/\/serabella.ee\/en\/product\/mulac-cosmetics-air-gelly-styling-gel-150ml\/#primaryimage"},"image":{"@id":"https:\/\/serabella.ee\/en\/product\/mulac-cosmetics-air-gelly-styling-gel-150ml\/#primaryimage"},"thumbnailUrl":"https:\/\/serabella.ee\/wp-content\/uploads\/2024\/09\/Mulac-Cosmetics-AIR-GELLY-Styling-Gel-150ml.png","datePublished":"2024-09-03T13:55:05+00:00","dateModified":"2025-12-30T22:00:10+00:00","breadcrumb":{"@id":"https:\/\/serabella.ee\/en\/product\/mulac-cosmetics-air-gelly-styling-gel-150ml\/#breadcrumb"},"inLanguage":"en-US","potentialAction":[{"@type":"ReadAction","target":["https:\/\/serabella.ee\/en\/product\/mulac-cosmetics-air-gelly-styling-gel-150ml\/"]}]},{"@type":"ImageObject","inLanguage":"en-US","@id":"https:\/\/serabella.ee\/en\/product\/mulac-cosmetics-air-gelly-styling-gel-150ml\/#primaryimage","url":"https:\/\/serabella.ee\/wp-content\/uploads\/2024\/09\/Mulac-Cosmetics-AIR-GELLY-Styling-Gel-150ml.png","contentUrl":"https:\/\/serabella.ee\/wp-content\/uploads\/2024\/09\/Mulac-Cosmetics-AIR-GELLY-Styling-Gel-150ml.png","width":1080,"height":1080},{"@type":"BreadcrumbList","@id":"https:\/\/serabella.ee\/en\/product\/mulac-cosmetics-air-gelly-styling-gel-150ml\/#breadcrumb","itemListElement":[{"@type":"ListItem","position":1,"name":"Home","item":"https:\/\/serabella.ee\/"},{"@type":"ListItem","position":2,"name":"Shop","item":"https:\/\/serabella.ee\/poevaade\/"},{"@type":"ListItem","position":3,"name":"Mulac Cosmetics AIR GELLY Styling Gel 150ml"}]},{"@type":"WebSite","@id":"https:\/\/serabella.ee\/#website","url":"https:\/\/serabella.ee\/","name":"Serabella","description":"Ilu- ja kosmeetikatoodete e-pood\ud83d\udc9c","potentialAction":[{"@type":"SearchAction","target":{"@type":"EntryPoint","urlTemplate":"https:\/\/serabella.ee\/?s={search_term_string}"},"query-input":{"@type":"PropertyValueSpecification","valueRequired":true,"valueName":"search_term_string"}}],"inLanguage":"en-US"}]}},"_links":{"self":[{"href":"https:\/\/serabella.ee\/en\/wp-json\/wp\/v2\/product\/24338","targetHints":{"allow":["GET"]}}],"collection":[{"href":"https:\/\/serabella.ee\/en\/wp-json\/wp\/v2\/product"}],"about":[{"href":"https:\/\/serabella.ee\/en\/wp-json\/wp\/v2\/types\/product"}],"replies":[{"embeddable":true,"href":"https:\/\/serabella.ee\/en\/wp-json\/wp\/v2\/comments?post=24338"}],"wp:featuredmedia":[{"embeddable":true,"href":"https:\/\/serabella.ee\/en\/wp-json\/wp\/v2\/media\/7764"}],"wp:attachment":[{"href":"https:\/\/serabella.ee\/en\/wp-json\/wp\/v2\/media?parent=24338"}],"wp:term":[{"taxonomy":"product_brand","embeddable":true,"href":"https:\/\/serabella.ee\/en\/wp-json\/wp\/v2\/product_brand?post=24338"},{"taxonomy":"product_cat","embeddable":true,"href":"https:\/\/serabella.ee\/en\/wp-json\/wp\/v2\/product_cat?post=24338"},{"taxonomy":"product_tag","embeddable":true,"href":"https:\/\/serabella.ee\/en\/wp-json\/wp\/v2\/product_tag?post=24338"}],"curies":[{"name":"wp","href":"https:\/\/api.w.org\/{rel}","templated":true}]}}

<div class="wpb-content-wrapper"><p>[vc_row][vc_column]
		<div id="wd-66d7108eb13ae" class="wd-tabs wd-wpb wd-rs-66d7108eb13ae tabs-design-simple ">
			<div class="wd-tabs-header text-center">
				
				
				<div class="wd-nav-wrapper wd-nav-tabs-wrapper">
					<ul class="wd-nav wd-nav-tabs wd-icon-pos-left wd-style-default font-primary wd-fontsize-s wd-font-weight-600">
													
							<li>
								<a href="#" class="wd-nav-link">
																		<span class="nav-link-text wd-tabs-title">
										Description									</span>
								</a>
							</li>

													
							<li>
								<a href="#" class="wd-nav-link">
																		<span class="nav-link-text wd-tabs-title">
										Ingredients									</span>
								</a>
							</li>

						
					</ul>
				</div>
			</div>

			<div class="wd-tab-content-wrapper">
				
		<div class="wd-tab-content">
							 <b>AIRY GELLY styling gel</b> is suitable for all hair types, for perfect styling with a natural finish: defines, keeps the frizz away and protects the styling from humidity, gives volume without stiffening or weighing down the hair. VEGAN FORMULA. Perfect for defining even the most restless waves of <b>curly and wavy hair,</b> shaping short hair and making <b>styling easier</b>. With freestyle fixate and <b>Abyssinian oil</b>, it preserves hair flexibility does not stick, does not leave any residue and gives medium-light hold.</p>
<h5><strong>Active substances</strong></h5>
<p>Abyssinian oil &#8211; maintains hair elasticity, is non-sticky and provides medium-light hold.</p>
<h5><strong>How to use</strong></h5>
<p>Lokkis juuksed: kandke geel märgadele juustele juurtest otsteni, jaotades ühtlaselt. Seejärel vormige kätega surudes juuksed lokki. Kuivatage difuusoriga või õhu käes. Lühikesed juuksed: kandke geeli märgadele juustele, kui soovite juukseid kujundada enne nende kuivatamist või kuivadele juustele soengu kujundamiseks.</p>
<p>					</div>

		
		<div class="wd-tab-content">
							INGREDIENTS: WATER (AQUA), ALCOHOL DENAT., PROPANEDIOL, ACRYLATES CROSSPOLYMER-3, AMINOMETHYL PROPANOL, ERYTHRITOL, CARYOCAR BRASILIENSE FRUIT OIL, CRAMBE ABYSSINICA SEED OIL, PANTHENOL, ACRYLATES/C10-30 ALKYL ACRYLATE CROSSPOLYMER, FRAGRANCE (PARFUM), PHENOXYETHANOL, SODIUM GLUCONATE, TROPOLONE.					</div>

					</div>
		</div>

		[/vc_column][/vc_row]</p>
</div>
